{"id":10,"date":"2013-08-25T13:22:15","date_gmt":"2013-08-25T11:22:15","guid":{"rendered":"http:\/\/www.pulseberlin.de\/?page_id=10"},"modified":"2021-02-12T16:35:45","modified_gmt":"2021-02-12T14:35:45","slug":"coaching","status":"publish","type":"page","link":"https:\/\/www.staffelt.de\/?page_id=10","title":{"rendered":"COACHING"},"content":{"rendered":"<p><span style=\"font-size: 18px; font-weight: 200; color: #fff; text-transform: uppercase; background-color: #00bbbb; padding: 5px 10px; letter-spacing: 0.1em; line-height: 40px;\">&#8222;In der Mitte von Schwierigkeiten,<\/span><br \/>\n<span style=\"font-size: 18px; font-weight: 200; color: #fff; text-transform: uppercase; background-color: #00bbbb; padding: 5px 10px; letter-spacing: 0.1em; line-height: 40px;\">liegen die M\u00f6glichkeiten.&#8220;<\/span><\/p>\n<pre>Albert Einstein<\/pre>\n<hr \/>\n<p>Gerne unterst\u00fctzen wir Sie bei Ihrer beruflichen Weiterentwicklung. Vielleicht stehen Sie durch die Corona-Krise vor beruflichen Ver\u00e4nderung und m\u00f6chten diese mit Hilfe eines Coachings professionell begleiten lassen? Oder in Ihrem Team besteht eine ungel\u00f6ste oder unausgesprochene Konfliktsituation? Sie f\u00fchlen sich bisweilen \u00fcberfordert und mit Ihren Aufgaben allein gelassen oder Sie sto\u00dfen bei der Doppelbelastung von Homeoffice und Homeschooling an Ihre Grenzen?<\/p>\n<p><img loading=\"lazy\" class=\"alignleft size-full wp-image-265\" src=\"http:\/\/www.staffelt.de\/wp-content\/uploads\/Illu_Coaching.gif\" alt=\"Illu_Coaching\" width=\"300\" height=\"200\" \/><\/p>\n<p>Mit Hilfe verschiedener Coaching-Tools k\u00f6nnen Sie vor wichtigen Entscheidungen Klarheit und Sicherheit gewinnen. Sie k\u00f6nnen sich potentielle Konfliktsituationen besser vergegenw\u00e4rtigen und Verhaltensalternativen erproben.<\/p>\n<p>Im vertraulichen Rahmen des Teamcoachings, aber auch des Einzelcoachings k\u00f6nnen Sie ein umfassendes Feedback \u00fcber die eigenen St\u00e4rken und F\u00e4higkeiten erhalten und so mehr Sicherheit f\u00fcr Ihre berufliche Arbeit gewinnen.<\/p>\n<p>Ziel des systemischen Coachings ist die Erarbeitung individuell f\u00fcr Sie passender L\u00f6sungen und Handlungsstrategien. Die zeitliche Investition f\u00fcr ein Einzel- oder Teamcoaching ist \u00fcberschaubar, die Arbeitseinheiten sind flexibel vereinbar.<\/p>\n<p>Vereinbaren Sie mit uns ein kostenloses Erstgespr\u00e4ch.<\/p>\n<h3><span style=\"color: #333333;\">WIR BIETEN IHNEN:<\/span><\/h3>\n<h5><\/h5>\n<h5 class=\"widget-title\" style=\"margin-top: 25px;\"><span style=\"color: #33cccc;\">Individuelles Coaching f\u00fcr <\/span><\/h5>\n<h5 class=\"widget-title\" style=\"margin-top: 25px;\"><span style=\"color: #33cccc;\">F\u00fchrungskr\u00e4fte<\/span><\/h5>\n<p>Wir coachen Sie bei der \u00dcbernahme neuer beruflicher Aufgaben.\u00a0 Vereinbaren Sie ein kostenloses telefonisches Erstgespr\u00e4ch. So k\u00f6nnen Sie uns und unsere Arbeitsweise n\u00e4her kennen lernen und in vertrauensvoller Atmosph\u00e4re die M\u00f6glichkeiten eines Coachings f\u00fcr Ihr Anliegen er\u00f6rtern.<\/p>\n<h5><span style=\"color: #33cccc;\">Berufliche Neuorientierung<\/span><\/h5>\n<p>Sie stehen vor einer beruflichen Neuorientierung und ben\u00f6tigen Unterst\u00fctzung bei der Analyse der eigenen F\u00e4higkeiten und Interessen? Mit Hilfe verschiedener Coaching-Tools k\u00f6nnen Sie Klarheit f\u00fcr sich gewinnen, in welchen T\u00e4tigkeitsfeldern neue berufliche Chancen f\u00fcr Sie zu finden sind.<\/p>\n<h5 class=\"widget-title\" style=\"margin-top: 25px;\"><span style=\"color: #33cccc;\">Coaching f\u00fcr politische Aktive<\/span><\/h5>\n<p>Gerne unterst\u00fctzen wir Sie bei der \u00dcbernahme neuer politischer Funktionen, bei der Entwicklung eines individuellen politischen Profils oder auch in Konfliktsituationen z. B. mit dem B\u00fcro, innerhalb der Fraktion oder auch mit der Familie. Selbstverst\u00e4ndlich hat die vertrauliche Behandlung Ihrer Anliegen oberste Priorit\u00e4t.<\/p>\n<h5 class=\"widget-title\" style=\"margin-top: 25px;\"><span style=\"color: #33cccc;\">Teamcoaching und Teamentwicklung<\/span><\/h5>\n<p>M\u00f6chten Sie die Zusammenarbeit Ihres Teams verbessern? Wir unterst\u00fctzen Sie im Rahmen eines Teamcoachings dabei. Vereinbaren Sie ein kostenloses Vorgespr\u00e4ch.<\/p>\n<p>Sie haben Fragen oder Anregungen oder w\u00fcnschen eine Beratung zu Ihrem pers\u00f6nlichen Coaching-Anliegen? Rufen Sie einfach an oder schreiben eine Mail.<\/p>\n<p><a href=\"http:\/\/www.staffelt.de\/kontakt\/\">info@staffelt.de<\/a><\/p>\n<h5><strong>Alle Coaching-Formate werden auch in digitaler Form per Videokonferenz angeboten.<\/strong><\/h5>\n","protected":false},"excerpt":{"rendered":"<p>&#8222;In der Mitte von Schwierigkeiten, liegen die M\u00f6glichkeiten.&#8220; Albert Einstein Gerne unterst\u00fctzen wir Sie bei Ihrer beruflichen Weiterentwicklung. Vielleicht stehen Sie durch die Corona-Krise vor beruflichen Ver\u00e4nderung und m\u00f6chten diese mit Hilfe eines Coachings professionell begleiten lassen? Oder in Ihrem Team besteht eine ungel\u00f6ste oder unausgesprochene Konfliktsituation? Sie f\u00fchlen sich&#8230;<\/p>\n<p> <a class=\"continue-reading-link\" href=\"https:\/\/www.staffelt.de\/?page_id=10\"><span>Continue reading<\/span><i class=\"crycon-right-dir\"><\/i><\/a> <\/p>\n","protected":false},"author":1,"featured_media":0,"parent":0,"menu_order":0,"comment_status":"closed","ping_status":"closed","template":"","meta":[],"_links":{"self":[{"href":"https:\/\/www.staffelt.de\/index.php?rest_route=\/wp\/v2\/pages\/10"}],"collection":[{"href":"https:\/\/www.staffelt.de\/index.php?rest_route=\/wp\/v2\/pages"}],"about":[{"href":"https:\/\/www.staffelt.de\/index.php?rest_route=\/wp\/v2\/types\/page"}],"author":[{"embeddable":true,"href":"https:\/\/www.staffelt.de\/index.php?rest_route=\/wp\/v2\/users\/1"}],"replies":[{"embeddable":true,"href":"https:\/\/www.staffelt.de\/index.php?rest_route=%2Fwp%2Fv2%2Fcomments&post=10"}],"version-history":[{"count":24,"href":"https:\/\/www.staffelt.de\/index.php?rest_route=\/wp\/v2\/pages\/10\/revisions"}],"predecessor-version":[{"id":653,"href":"https:\/\/www.staffelt.de\/index.php?rest_route=\/wp\/v2\/pages\/10\/revisions\/653"}],"wp:attachment":[{"href":"https:\/\/www.staffelt.de\/index.php?rest_route=%2Fwp%2Fv2%2Fmedia&parent=10"}],"curies":[{"name":"wp","href":"https:\/\/api.w.org\/{rel}","templated":true}]}}