{"id":14,"date":"2013-08-25T13:22:46","date_gmt":"2013-08-25T11:22:46","guid":{"rendered":"http:\/\/www.pulseberlin.de\/?page_id=14"},"modified":"2021-07-30T12:00:09","modified_gmt":"2021-07-30T10:00:09","slug":"ueber-uns","status":"publish","type":"page","link":"https:\/\/www.staffelt.de\/?page_id=14","title":{"rendered":"\u00dcBER UNS"},"content":{"rendered":"<p>Nach dem Ausscheiden aus dem Deutschen Bundestag haben wir uns entschieden, unsere Expertise zusammenzuf\u00fchren.<\/p>\n<h3 class=\"widget-title\" style=\"margin-top: 25px; margin-bottom: 15px;\">GRIETJE STAFFELT<\/h3>\n<p class=\"alignleft wp-image-147\"><a href=\"http:\/\/www.staffelt.de\/wp-content\/uploads\/grietje_004_b.jpg\"><img loading=\"lazy\" class=\"alignnone wp-image-119 size-full\" src=\"http:\/\/www.staffelt.de\/wp-content\/uploads\/grietje_004_b.jpg\" alt=\"\" width=\"200\" height=\"165\" srcset=\"https:\/\/www.staffelt.de\/wp-content\/uploads\/grietje_004_b.jpg 200w, https:\/\/www.staffelt.de\/wp-content\/uploads\/grietje_004_b-180x148.jpg 180w, https:\/\/www.staffelt.de\/wp-content\/uploads\/grietje_004_b-176x146.jpg 176w, https:\/\/www.staffelt.de\/wp-content\/uploads\/grietje_004_b-128x106.jpg 128w\" sizes=\"(max-width: 200px) 100vw, 200px\" \/><\/a>Nach 15 spannenden Jahren in der ehren- und hauptamtlichen Politik und drei lehrreichen Jahren in einer internationalen Kommunikationsagentur arbeite ich heute als strategischen Beraterin und Trainerin f\u00fcr Unternehmen und Verb\u00e4nde und als systemischer Coach.<\/p>\n<p class=\"alignleft wp-image-147\">Details zu meiner Biographie finden Sie <span style=\"text-decoration: underline;\"><span style=\"color: #000080;\"><a href=\"http:\/\/www.staffelt.de\/?page_id=208\"><span style=\"color: #000080; text-decoration: underline;\">hier<\/span><\/a><\/span><\/span>.<\/p>\n<div style=\"clear: both;\"><\/div>\n<h3 class=\"widget-title\" style=\"margin-top: 25px; margin-bottom: 15px;\">DR. DITMAR STAFFELT<\/h3>\n<p><a href=\"http:\/\/www.staffelt.de\/wp-content\/uploads\/ditmar.jpg\"><img loading=\"lazy\" class=\"wp-image-159 alignleft\" src=\"http:\/\/www.staffelt.de\/wp-content\/uploads\/ditmar.jpg\" alt=\"\" width=\"144\" height=\"202\" srcset=\"https:\/\/www.staffelt.de\/wp-content\/uploads\/ditmar.jpg 190w, https:\/\/www.staffelt.de\/wp-content\/uploads\/ditmar-180x252.jpg 180w, https:\/\/www.staffelt.de\/wp-content\/uploads\/ditmar-160x225.jpg 160w, https:\/\/www.staffelt.de\/wp-content\/uploads\/ditmar-104x146.jpg 104w, https:\/\/www.staffelt.de\/wp-content\/uploads\/ditmar-75x106.jpg 75w, https:\/\/www.staffelt.de\/wp-content\/uploads\/ditmar-178x250.jpg 178w\" sizes=\"(max-width: 144px) 100vw, 144px\" \/><\/a><\/p>\n<p style=\"text-align: left;\">Nach \u00fcber 30 Jahren vielf\u00e4ltiger beruflicher T\u00e4tigkeiten in Politik, Administration und Unternehmen m\u00f6chte ich dieses erworbene Wissen sinnvoll zusammenf\u00fchren und meine Unabh\u00e4ngigkeit f\u00fcr Ihre Projekte nutzen. Gerne stehe ich Ihnen beratend zur Seite.<\/p>\n<p style=\"text-align: left;\">Details zu meinem Lebenslauf finden Sie <span style=\"text-decoration: underline;\"><span style=\"color: #000080;\"><a href=\"http:\/\/www.staffelt.de\/?page_id=244\"><span style=\"color: #000080; text-decoration: underline;\">hier<\/span><\/a><\/span><\/span>.<\/p>\n<div style=\"clear: both;\"><\/div>\n","protected":false},"excerpt":{"rendered":"<p>Nach dem Ausscheiden aus dem Deutschen Bundestag haben wir uns entschieden, unsere Expertise zusammenzuf\u00fchren. GRIETJE STAFFELT Nach 15 spannenden Jahren in der ehren- und hauptamtlichen Politik und drei lehrreichen Jahren in einer internationalen Kommunikationsagentur arbeite ich heute als strategischen Beraterin und Trainerin f\u00fcr Unternehmen und Verb\u00e4nde und als systemischer Coach&#8230;.<\/p>\n<p> <a class=\"continue-reading-link\" href=\"https:\/\/www.staffelt.de\/?page_id=14\"><span>Continue reading<\/span><i class=\"crycon-right-dir\"><\/i><\/a> <\/p>\n","protected":false},"author":1,"featured_media":0,"parent":0,"menu_order":0,"comment_status":"closed","ping_status":"closed","template":"","meta":[],"_links":{"self":[{"href":"https:\/\/www.staffelt.de\/index.php?rest_route=\/wp\/v2\/pages\/14"}],"collection":[{"href":"https:\/\/www.staffelt.de\/index.php?rest_route=\/wp\/v2\/pages"}],"about":[{"href":"https:\/\/www.staffelt.de\/index.php?rest_route=\/wp\/v2\/types\/page"}],"author":[{"embeddable":true,"href":"https:\/\/www.staffelt.de\/index.php?rest_route=\/wp\/v2\/users\/1"}],"replies":[{"embeddable":true,"href":"https:\/\/www.staffelt.de\/index.php?rest_route=%2Fwp%2Fv2%2Fcomments&post=14"}],"version-history":[{"count":31,"href":"https:\/\/www.staffelt.de\/index.php?rest_route=\/wp\/v2\/pages\/14\/revisions"}],"predecessor-version":[{"id":668,"href":"https:\/\/www.staffelt.de\/index.php?rest_route=\/wp\/v2\/pages\/14\/revisions\/668"}],"wp:attachment":[{"href":"https:\/\/www.staffelt.de\/index.php?rest_route=%2Fwp%2Fv2%2Fmedia&parent=14"}],"curies":[{"name":"wp","href":"https:\/\/api.w.org\/{rel}","templated":true}]}}

ÜBER UNS

<p>Nach dem Ausscheiden aus dem Deutschen Bundestag haben wir uns entschieden, unsere Expertise zusammenzuführen.</p>
<h3 class="widget-title" style="margin-top: 25px; margin-bottom: 15px;">GRIETJE STAFFELT</h3>
<p class="alignleft wp-image-147"><a href="http://www.staffelt.de/wp-content/uploads/grietje_004_b.jpg"><img loading="lazy" class="alignnone wp-image-119 size-full" src="http://www.staffelt.de/wp-content/uploads/grietje_004_b.jpg" alt="" width="200" height="165" srcset="https://www.staffelt.de/wp-content/uploads/grietje_004_b.jpg 200w, https://www.staffelt.de/wp-content/uploads/grietje_004_b-180x148.jpg 180w, https://www.staffelt.de/wp-content/uploads/grietje_004_b-176x146.jpg 176w, https://www.staffelt.de/wp-content/uploads/grietje_004_b-128x106.jpg 128w" sizes="(max-width: 200px) 100vw, 200px" /></a>Nach 15 spannenden Jahren in der ehren- und hauptamtlichen Politik und drei lehrreichen Jahren in einer internationalen Kommunikationsagentur arbeite ich heute als strategischen Beraterin und Trainerin für Unternehmen und Verbände und als systemischer Coach.</p>
<p class="alignleft wp-image-147">Details zu meiner Biographie finden Sie <span style="text-decoration: underline;"><span style="color: #000080;"><a href="http://www.staffelt.de/?page_id=208"><span style="color: #000080; text-decoration: underline;">hier</span></a></span></span>.</p>
<div style="clear: both;"></div>
<h3 class="widget-title" style="margin-top: 25px; margin-bottom: 15px;">DR. DITMAR STAFFELT</h3>
<p><a href="http://www.staffelt.de/wp-content/uploads/ditmar.jpg"><img loading="lazy" class="wp-image-159 alignleft" src="http://www.staffelt.de/wp-content/uploads/ditmar.jpg" alt="" width="144" height="202" srcset="https://www.staffelt.de/wp-content/uploads/ditmar.jpg 190w, https://www.staffelt.de/wp-content/uploads/ditmar-180x252.jpg 180w, https://www.staffelt.de/wp-content/uploads/ditmar-160x225.jpg 160w, https://www.staffelt.de/wp-content/uploads/ditmar-104x146.jpg 104w, https://www.staffelt.de/wp-content/uploads/ditmar-75x106.jpg 75w, https://www.staffelt.de/wp-content/uploads/ditmar-178x250.jpg 178w" sizes="(max-width: 144px) 100vw, 144px" /></a></p>
<p style="text-align: left;">Nach über 30 Jahren vielfältiger beruflicher Tätigkeiten in Politik, Administration und Unternehmen möchte ich dieses erworbene Wissen sinnvoll zusammenführen und meine Unabhängigkeit für Ihre Projekte nutzen. Gerne stehe ich Ihnen beratend zur Seite.</p>
<p style="text-align: left;">Details zu meinem Lebenslauf finden Sie <span style="text-decoration: underline;"><span style="color: #000080;"><a href="http://www.staffelt.de/?page_id=244"><span style="color: #000080; text-decoration: underline;">hier</span></a></span></span>.</p>
<div style="clear: both;"></div>

<p>Nach dem Ausscheiden aus dem Deutschen Bundestag haben wir uns entschieden, unsere Expertise zusammenzuführen. GRIETJE STAFFELT Nach 15 spannenden Jahren in der ehren- und hauptamtlichen Politik und drei lehrreichen Jahren in einer internationalen Kommunikationsagentur arbeite ich heute als strategischen Beraterin und Trainerin für Unternehmen und Verbände und als systemischer Coach&#8230;.</p>
<p> <a class="continue-reading-link" href="https://www.staffelt.de/?page_id=14"><span>Continue reading</span><i class="crycon-right-dir"></i></a> </p>
