{"id":244,"date":"2013-09-01T21:28:16","date_gmt":"2013-09-01T19:28:16","guid":{"rendered":"http:\/\/www.pulseberlin.de\/?page_id=244"},"modified":"2018-02-19T17:31:09","modified_gmt":"2018-02-19T15:31:09","slug":"dr-ditmar-staffelt","status":"publish","type":"page","link":"https:\/\/www.staffelt.de\/?page_id=244","title":{"rendered":"DR. DITMAR STAFFELT &#8211; LEBENSLAUF"},"content":{"rendered":"<p><a href=\"http:\/\/www.staffelt.de\/wp-content\/uploads\/ditmar.jpg\"><img loading=\"lazy\" class=\" wp-image-159 alignleft\" src=\"http:\/\/www.staffelt.de\/wp-content\/uploads\/ditmar.jpg\" alt=\"\" width=\"171\" height=\"240\" srcset=\"https:\/\/www.staffelt.de\/wp-content\/uploads\/ditmar.jpg 190w, https:\/\/www.staffelt.de\/wp-content\/uploads\/ditmar-180x252.jpg 180w, https:\/\/www.staffelt.de\/wp-content\/uploads\/ditmar-160x225.jpg 160w, https:\/\/www.staffelt.de\/wp-content\/uploads\/ditmar-104x146.jpg 104w, https:\/\/www.staffelt.de\/wp-content\/uploads\/ditmar-75x106.jpg 75w, https:\/\/www.staffelt.de\/wp-content\/uploads\/ditmar-178x250.jpg 178w\" sizes=\"(max-width: 171px) 100vw, 171px\" \/><\/a>Nach dem Studium der Sozialwissenschaften vertiefte ich vier Jahre lang meine wissenschaftliche Expertise an einem wissenschaftlichen Institut und arbeitete als Lehrbeauftragter an der FH f\u00fcr Verwaltung und Rechtspflege des Landes Berlin. Von 1979 bis 1998 war ich Mitglied des Abgeordnetenhauses von Berlin. Meine Schwerpunkte bildeten die wirtschafts-, Finanz- und Technologiepolitik sowie nach der Wiedervereinigung die Zusammenf\u00fchrung von Ost und West.<\/p>\n<p>Von 1989 bis 1994 war ich Vorsitzender der SPD Fraktion. Ich arbeitete von 1982 bis 1989 und von 1994 bis 1997 als leitender Angestellter bzw. Mitglied des Vorstandes der H\u00f6lter IndustriebeteiligungsAG. Ab Januar 1998 \u00fcbernahm ich die Gesch\u00e4ftsf\u00fchrung einer Tochtergesellschaft der VEBA AG. Im Herbst desselben Jahres wurde ich in den Bundestag gew\u00e4hlt. Zun\u00e4chst war ich als wirtschaftspolitischer Sprecher meiner Fraktion, von Februar 2002 bis November 2005 als parlamentarischer Staatssekret\u00e4r im Bundesministerium f\u00fcr Wirtschaft und Arbeit und Koordinator der Bundesregierung f\u00fcr die deutsche Luft- und Raumfahrt t\u00e4tig.<\/p>\n<p>Nach Ausscheiden aus dem Amt betreute ich im Bundestag die Themenbereiche Au\u00dfenwirtschaft und Globalisierung. Im Januar 2009 legte ich mein Mandat nieder, um als Leiter der Stabsabteilung Politik und Regierungsangelegenheiten zur EADS zu wechseln. Seit Januar 2013 bin ich freiberuflich als Politik \u2013 und Unternehmensberater t\u00e4tig.<\/p>\n","protected":false},"excerpt":{"rendered":"<p>Nach dem Studium der Sozialwissenschaften vertiefte ich vier Jahre lang meine wissenschaftliche Expertise an einem wissenschaftlichen Institut und arbeitete als Lehrbeauftragter an der FH f\u00fcr Verwaltung und Rechtspflege des Landes Berlin. Von 1979 bis 1998 war ich Mitglied des Abgeordnetenhauses von Berlin. Meine Schwerpunkte bildeten die wirtschafts-, Finanz- und Technologiepolitik&#8230;<\/p>\n<p> <a class=\"continue-reading-link\" href=\"https:\/\/www.staffelt.de\/?page_id=244\"><span>Continue reading<\/span><i class=\"crycon-right-dir\"><\/i><\/a> <\/p>\n","protected":false},"author":1,"featured_media":0,"parent":0,"menu_order":0,"comment_status":"closed","ping_status":"closed","template":"","meta":[],"_links":{"self":[{"href":"https:\/\/www.staffelt.de\/index.php?rest_route=\/wp\/v2\/pages\/244"}],"collection":[{"href":"https:\/\/www.staffelt.de\/index.php?rest_route=\/wp\/v2\/pages"}],"about":[{"href":"https:\/\/www.staffelt.de\/index.php?rest_route=\/wp\/v2\/types\/page"}],"author":[{"embeddable":true,"href":"https:\/\/www.staffelt.de\/index.php?rest_route=\/wp\/v2\/users\/1"}],"replies":[{"embeddable":true,"href":"https:\/\/www.staffelt.de\/index.php?rest_route=%2Fwp%2Fv2%2Fcomments&post=244"}],"version-history":[{"count":13,"href":"https:\/\/www.staffelt.de\/index.php?rest_route=\/wp\/v2\/pages\/244\/revisions"}],"predecessor-version":[{"id":559,"href":"https:\/\/www.staffelt.de\/index.php?rest_route=\/wp\/v2\/pages\/244\/revisions\/559"}],"wp:attachment":[{"href":"https:\/\/www.staffelt.de\/index.php?rest_route=%2Fwp%2Fv2%2Fmedia&parent=244"}],"curies":[{"name":"wp","href":"https:\/\/api.w.org\/{rel}","templated":true}]}}

<p><a href="http://www.staffelt.de/wp-content/uploads/ditmar.jpg"><img loading="lazy" class=" wp-image-159 alignleft" src="http://www.staffelt.de/wp-content/uploads/ditmar.jpg" alt="" width="171" height="240" srcset="https://www.staffelt.de/wp-content/uploads/ditmar.jpg 190w, https://www.staffelt.de/wp-content/uploads/ditmar-180x252.jpg 180w, https://www.staffelt.de/wp-content/uploads/ditmar-160x225.jpg 160w, https://www.staffelt.de/wp-content/uploads/ditmar-104x146.jpg 104w, https://www.staffelt.de/wp-content/uploads/ditmar-75x106.jpg 75w, https://www.staffelt.de/wp-content/uploads/ditmar-178x250.jpg 178w" sizes="(max-width: 171px) 100vw, 171px" /></a>Nach dem Studium der Sozialwissenschaften vertiefte ich vier Jahre lang meine wissenschaftliche Expertise an einem wissenschaftlichen Institut und arbeitete als Lehrbeauftragter an der FH für Verwaltung und Rechtspflege des Landes Berlin. Von 1979 bis 1998 war ich Mitglied des Abgeordnetenhauses von Berlin. Meine Schwerpunkte bildeten die wirtschafts-, Finanz- und Technologiepolitik sowie nach der Wiedervereinigung die Zusammenführung von Ost und West.</p>
<p>Von 1989 bis 1994 war ich Vorsitzender der SPD Fraktion. Ich arbeitete von 1982 bis 1989 und von 1994 bis 1997 als leitender Angestellter bzw. Mitglied des Vorstandes der Hölter IndustriebeteiligungsAG. Ab Januar 1998 übernahm ich die Geschäftsführung einer Tochtergesellschaft der VEBA AG. Im Herbst desselben Jahres wurde ich in den Bundestag gewählt. Zunächst war ich als wirtschaftspolitischer Sprecher meiner Fraktion, von Februar 2002 bis November 2005 als parlamentarischer Staatssekretär im Bundesministerium für Wirtschaft und Arbeit und Koordinator der Bundesregierung für die deutsche Luft- und Raumfahrt tätig.</p>
<p>Nach Ausscheiden aus dem Amt betreute ich im Bundestag die Themenbereiche Außenwirtschaft und Globalisierung. Im Januar 2009 legte ich mein Mandat nieder, um als Leiter der Stabsabteilung Politik und Regierungsangelegenheiten zur EADS zu wechseln. Seit Januar 2013 bin ich freiberuflich als Politik – und Unternehmensberater tätig.</p>

<p>Nach dem Studium der Sozialwissenschaften vertiefte ich vier Jahre lang meine wissenschaftliche Expertise an einem wissenschaftlichen Institut und arbeitete als Lehrbeauftragter an der FH für Verwaltung und Rechtspflege des Landes Berlin. Von 1979 bis 1998 war ich Mitglied des Abgeordnetenhauses von Berlin. Meine Schwerpunkte bildeten die wirtschafts-, Finanz- und Technologiepolitik&#8230;</p>
<p> <a class="continue-reading-link" href="https://www.staffelt.de/?page_id=244"><span>Continue reading</span><i class="crycon-right-dir"></i></a> </p>
